 Calculate j(-3).
17
Let v(m) = -4*m**2 - 3*m. Let l = 12 - 9. Let c(y) = -5*y**2 - 2*y + 1. Let o(u) = l*c(u) - 4*v(u). Suppose 9 = 3*d - 7*d - 3*i, 3*d - 2 = -4*i. Give o(d).
3
Suppose 4*p = -3*a - 3, 0*a = -2*a - p - 7. Let g(f) = f**2 + 5*f + 5. Give g(a).
5
Let o(s) = -s**3 + 3*s**2 + 2*s. Suppose n - 1 + 0 = 0. Suppose n = -p + 4. Give o(p).
6
Let v(a) = a**3 + a - 2. Let s(k) = -k**2 + 5*k + 6. Let r be s(6). Determine v(r).
-2
Let f(r) = 5*r**3 + 21*r**2 - 21*r + 16. Let w(q) = -2*q**3 - 7*q**2 + 7*q - 5. Let x(l) = 3*f(l) + 8*w(l). Give x(6).
2
Let q(g) be the third derivative of 13*g**6/120 + g**4/12 - g**3/6 - 17*g**2. Calculate q(1).
14
Let a(u) = -u**3 - u - 4. Let i be a(0). Let n(c) = 11*c - 19. Let s(b) = 5*b - 10. Let d(l) = i*n(l) + 9*s(l). Give d(6).
-8
Let j(h) = -2*h + 1. Let x(f) = f**3 + 7*f**2 + 15*f - 4. Let g(n) = -4*j(n) - x(n). Give g(-6).
6
Let j(t) = t - 5. Let o be j(8). Let l(z) = -z**3 + 4*z - 1. What is l(o)?
-16
Let h(g) be the third derivative of -g**5/60 + g**4/6 - 5*g**3/6 + 17*g**2. What is h(4)?
-5
Suppose 0 = -4*x + 3*a + 9, 3*a = -0*a + 3. Let k(g) = 2*g**2 - 1. Determine k(x).
17
Let r = 15 - 10. Let l(v) = -2*v**3 - 19*v**2 - 5*v - 17. Let y(i) = -3*i**3 - 29*i**2 - 8*i - 26. Let g(h) = r*y(h) - 8*l(h). What is g(-7)?
6
Let i(z) = z**2 + z + 8. Let d be (-2 + (1 - -1))/1. Give i(d).
8
Let m(i) = -i + 2. Let d be (6/(-9) - -1)*12. Calculate m(d).
-2
Let j(z) be the first derivative of -z**2 - 2*z + 2. Let i = 0 - -12. Suppose 6*s - 2*s = i. Calculate j(s).
-8
Let q(w) = 2*w. Let j(r) = r**3 + 7*r**2 + 6*r - 1. Let a be j(-6). Give q(a).
-2
Let c = -1 + 7. Let w be (2/(-3))/((-2)/c). Let m(s) = -s**2 + 2*s. Calculate m(w).
0
Let t(k) = -k**2 + 4*k + 1. Let y be 3/(2/(-64)*6). Let w = 8 - 23. Let m be (y/10)/(6/w). Give t(m).
1
Let n(f) = -5*f - 2. Suppose q + 3*v + 8 = v, 2*v + 6 = 0. Let s be n(q). Suppose -h = 3 - s. Let d(j) = -3*j + 5. What is d(h)?
-10
Suppose 2 = 2*a, -4*p - 2*a - 3*a - 47 = 0. Let j = p - -12. Let l(o) = 5*o**3 - o**2 - o. Give l(j).
-5
Let f(z) = -5*z**2. Let n be f(-1). Let p(r) = -r - 4. Calculate p(n).
1
Let u be 3/(-9) + (-1)/(-3). Let i(b) = 5*b**3 - 7*b + 3. Let g(a) = -a**3 + a - 1. Let h(q) = -6*g(q) - i(q). Calculate h(u).
3
Suppose z = 3*c + 3*z + 5, -2*z = c - 1. Let g(x) = x**3 + 2*x**2 + 2*x. Calculate g(c).
-15
Let r(g) be the first derivative of g**3/3 + 7*g**2/2 - g + 22. Calculate r(-7).
-1
Let a(l) = l**3 - 2*l**2 - l - 1. Let z(j) = j**3 - 3*j**2 - j - 2. Let c(h) = 3*a(h) - 2*z(h). Calculate c(2).
7
Let n(b) = 3*b**3 - 2*b**2 - b + 3. Let j(t) = -t**3 + t**2 + t - 1. Let a(f) = 4*j(f) + n(f). Let h = 1 + 2. Determine a(h).
-1
Let b(z) = -z**2 + 2. Let q be b(0). Let y(l) = l**3 - 2*l**2 + 2*l - 3. Give y(q).
1
Let c be 1/(-4) + 13/4. Suppose 4*y - 3 = c*y. Let m(o) = -o**3 + 3*o**2 + o - 2. What is m(y)?
1
Let c(o) be the third derivative of -1/40*o**5 + 0*o**3 + 0 + 0*o - 1/12*o**4 + 1/180*o**6 - 2*o**2. Let p(g) be the second derivative of c(g). What is p(2)?
5
Let a(s) = 131*s - 127*s + 3 - 3. What is a(-2)?
-8
Suppose 5*p - 15 = 2*h + 1, 2*p = -5*h + 18. Let w(k) = k**h + 0*k**2 + k - 3*k. Determine w(2).
0
Let l(u) = 28*u - 2. Let a(o) = -43*o + 3. Let t(d) = -5*a(d) - 8*l(d). Calculate t(1).
-8
Let x(p) = -p**2 + 5*p. Suppose -5*f - 5 = -5*d, 0*d - 2*f = 3*d - 23. What is x(d)?
0
Let i(r) = 2*r - 89*r**3 + 87*r**3 - 3*r**2 + 5*r**2. What is i(2)?
-4
Let i(j) = j**3 + 3*j**2 + 3*j + 2. Suppose 0*b + 4*b = 5*h + 3, -5*b = 2*h + 21. Give i(h).
-7
Let u(o) = 3*o**2 - 3*o + 2 - o + 0*o. Let h(i) = -i**3 - 9*i**2 - 9*i - 8. Let m be h(-8). Suppose m*c + 6 = 5*g - 2*c, -10 = -3*g - 2*c. Give u(g).
6
Let i(w) be the third derivative of -w**5/60 - w**4/24 + w**3 + 3*w**2 - 8*w. Calculate i(0).
6
Let y = -2 + 7. Suppose -25 = y*w + 5. Let h = 11 + w. Let v(g) = g**3 - 6*g**2 + 3*g + 4. Determine v(h).
-6
Let z(c) be the first derivative of c**2/2 - c - 10. Determine z(1).
0
Let l(v) be the first derivative of -v**4/4 - 5*v**3/3 - 2*v**2 + 3*v + 6. Give l(-4).
3
Let q(g) = g**2 - 4*g - 1. Let l = -10 - -15. Let w(i) = -i**3 + 5*i + 5 + i + l*i**2 + 0*i**3. Let s be w(6). What is q(s)?
4
Let f(j) = j**3 + 12*j**2 + 10*j - 8. Let l be f(-11). Let c(u) = u + 0*u**l - 2 + 0*u + 0*u - u**3. Calculate c(-2).
4
Let j = 11 + -9. Let c(h) = -j - h**2 + 2 + 2 - 5*h. What is c(-5)?
2
Let j(l) be the second derivative of -l**7/840 + l**6/60 - l**5/20 + l**3/6 + l. Let n(b) be the second derivative of j(b). Calculate n(5).
-5
Let m(k) = k**3 + 5*k**2 + k - 2. Suppose 1 = -2*c + 9. Suppose 11 + c = -3*o. Give m(o).
-7
Suppose 13 = -5*d + 2*f + 31, -4*d - 3*f - 4 = 0. Let c(s) = -s**3 + s - 1. What is c(d)?
-7
Let c = 24 + -27. Let r(m) = m**2 + 3*m - 1. Give r(c).
-1
Suppose -3*q = 3*c - 20 - 1, 3*c + 3 = 5*q. Let o(f) = -2*f**2 - f. Let n(s) = -3*s**2 - 3*s. Let z(y) = q*n(y) - 5*o(y). Calculate z(5).
5
Let d(r) = 3*r**2 - 8*r**2 + 7*r**2 - r**2. Let u(o) = 5*o**3 - o**2 + o - 1. Let y be u(1). Suppose x + 2 = 2*i - 8, -i = -y*x - 12. Calculate d(x).
4
Suppose 2*s = 3 - 5. Let j(c) be the second derivative of -c**6/240 + c**4/6 - c. Let w(f) be the third derivative of j(f). Give w(s).
3
Let w(p) be the second derivative of 1/2*p**2 + 1/6*p**3 - 5*p + 0. Determine w(-3).
-2
Let z(d) = d - 5*d**3 + 3*d**3 + d - 7*d**2 + 3*d**3 + 6. Give z(6).
-18
Let n(q) = -7 - 3*q + 8 - 3*q - q**2. What is n(-5)?
6
Let m = -8 + 8. Let a(d) = d**2 - 6. What is a(m)?
-6
Let j(p) = 4*p**2 + 3*p + 2. Let a be j(-1). Let l(d) = -d**3 + 3*d**2 + 4*d - 1. Give l(a).
11
Let w(t) = t**3 + 6*t**2 - t. Let b = 4 + -10. Determine w(b).
6
Let v = -47 + 142/3. Let o(p) be the first derivative of -3 + p - 1/2*p**2 + v*p**3. Calculate o(3).
7
Let g(j) = -j**3 - 4*j**2 + 5*j + 4. Let o be g(-3). Let q = o + 35. Let s be 4/10 - (-24)/q. Let d(z) = 2*z**2. What is d(s)?
8
Let s be -1*(-5)/((-10)/(-4)). Let y(o) = o**3 + o + 4*o**2 - 6*o**s + o**2 + 3. Give y(0).
3
Let a(w) = w - 5. Let v(d) = -1. Let h(z) = z**2 - 5*z. Let x be h(6). Let l(n) = x*v(n) - a(n). Calculate l(-4).
3
Let j(u) = 9*u. Suppose 0 = -0*t + t - 4*d + 17, 2*t + 22 = 5*d. Calculate j(t).
-9
Let g(v) be the third derivative of 0 - 1/24*v**6 + 0*v + 0*v**4 + 0*v**5 + 0*v**3 + v**2. Let t be (1 - (-9)/(-6))*2. Give g(t).
5
Let r(j) = -10*j - 1. Let f(q) = q + 0*q - 4 + 4. Let h(o) = -2*f(o) - r(o). Let y(b) = b**2 - 3*b - 1. Let d be y(3). Determine h(d).
-7
Suppose -5*d - 5*v + 7 + 8 = 0, -v = -2*d + 15. Let w(i) = 5 - 6*i + 6*i - i. Determine w(d).
-1
Let k = 2 - 0. Let d be k - 3/3 - -1. Suppose 0 = 5*a - d*j + j - 16, 3*j + 3 = 0. Let q(s) = s - 3. Give q(a).
0
Let n(t) = -2*t**2 + 4 + t - 6 - 2*t - 4*t. Give n(-3).
-5
Let v(q) = 13*q**3 - 12*q**2 + 21*q - 21. Let i(d) = 3*d**3 - 3*d**2 + 5*d - 5. Let a(x) = -9*i(x) + 2*v(x). Calculate a(3).
-6
Let z(c) = -c**3 + 3*c**2 + 5*c - 5. Let s = 103 - 99. Determine z(s).
-1
Suppose 3*o - 12 = -3*i, 0 = -2*i + 4*o + 5 - 3. Let m be (-66)/(-15) + i/5. Suppose -23 = -m*l - y, -2*l + 7 = 2*l - 3*y. Let g(k) = -4*k + 5. Determine g(l).
-11
Let s(u) = -u**3 - u**2 - u - 2. Let g be s(0). Let q = g - -5. Let i(p) = -2*p + 3. Determine i(q).
-3
Let i(a) be the first derivative of a**2/2 - 11*a - 13. Give i(6).
-5
Let n(y) = -y**2 - 4*y + 3. Let l be n(-4). Let i(a) be the first derivative of 0*a - 3 - 3/2*a**2 + 1/3*a**3. Calculate i(l).
0
Let b = -8 + 3. Let l(t) = t. What is l(b)?
-5
Let m(g) = -3*g + 2. Let p be (4/10)/((-3)/30). Let f = p + 6. Give m(f).
-4
Let x(g) = -4*g**2 + 5*g**2 + 0*g**2 + g. Let u = -35 + 33. Determine x(u).
2
Let z(y) = -y - 4. Let k(w) = -3*w - 3. Let x be k(-2). Suppose 3*g + x = 12. What is z(g)?
-7
Suppose -5*i = -3*i. Let q be 6/21 - (-24)/14. Let l(y) = 0 + y + 5 - q*y + 0. What is l(i)?
5
Let z be (-3)/((-3)/1)*0. Let d(j) = -3*j - 1 + z + 2*j - j**2. Let f(b) = -b**3 - 4*b**2. Let m be f(-4). What is d(m)?
-1
Let i(m) = m**3 + 3*m**2 - 3*m - 2. Let x(n) = -n**3 - n**2 + n + 1. Let c(r) = -3*i(r) - 7*x(r). Give c(1).
3
Let p(a) = 2*a**2 + 3 - 2*a - a**2 - 2*a**2 - 6. Suppose 2*h + 16 = -2*h. Determine p(h).
-11
Let r(x) = 5*x - 3. Let k be 6/(-4)*(-12)/9. Calculate r(k).
7
Let g(d) be the first derivative of d**4/4 + 2*d**3 + d**2/2 - 5*d + 2. What is g(-5)?
15
Sup